) = -i**3 - 365*i**2 + 9796*i + 17933. Give l(-390).
-7
Let s(j) = -15*j - 1344. Determine s(-91).
21
Let j(l) = l**2 - 740*l - 24013. Calculate j(-31).
-112
Let t(b) = 2333*b - 36763. What is t(16)?
565
Let l(y) = 10*y**3 + 140*y**2 + 417*y + 11. Determine l(-10).
-159
Let s(n) = 6*n**2 + 1102*n + 701. Give s(-183).
-31
Let k(q) = 2*q**2 - 549*q - 70148. Calculate k(369).
-407
Let m(g) = 95*g - 19653. Calculate m(207).
12
Let t(c) = -c**2 + 150*c + 77806. Determine t(-214).
-90
Let h(c) = -5*c**2 + 1314*c + 13938. Give h(273).
15
Let h(n) = 2765*n - 27553. What is h(10)?
97
Let b(w) = w**2 - 556*w + 21091. Calculate b(41).
-24
Let y(h) = 3966*h + 32624. Determine y(-8).
896
Let k(l) = l**2 + 11*l + 2612. Calculate k(0).
2612
Let z(o) = 397*o**2 - 108700*o - 21362. Determine z(274).
10
Let p(m) = -1277*m**2 - 7553*m + 4. What is p(-6)?
-650
Let p(j) = -13850*j - 13952. Give p(-1).
-102
Let n(q) = 127980*q - 2047629. Give n(16).
51
Let y(n) = 2*n**3 - 17*n**2 - 460*n - 984. Give y(21).
381
Let u(r) = -251*r + 7877. Determine u(34).
-657
Let l(w) = -w**2 - 23064*w - 138389. What is l(-6)?
-41
Let q(i) = -117701*i - 470745. Give q(-4).
59
Let j(q) = -q**2 - 655*q - 84001. What is j(-176)?
303
Let p(t) = -8398*t + 4199000. What is p(500)?
0
Let u(y) = 5*y**3 + 28*y**2 - 280*y + 276. What is u(8)?
2388
Let t(j) = 2*j**2 - 60*j + 448. What is t(10)?
48
Let c(s) = s**2 - 2450*s - 24457. What is c(-10)?
143
Let x(n) = -112017*n - 1456211. Determine x(-13).
10
Let f(k) = 8*k**2 - 7009*k + 76106. What is f(11)?
-25
Let w(a) = a**3 + 204*a**2 + 8871*a - 1754. Determine w(-141).
-62
Let i(o) = 3*o**3 - 83*o**2 + 350*o + 356. Calculate i(22).
-172
Let o(g) = 2674*g - 128259. Calculate o(48).
93
Let w(o) = 84*o**2 - 1987*o + 1921. Calculate w(1).
18
Let n(t) = t**3 - 15*t**2 - 351*t + 586. Calculate n(27).
-143
Let a(d) = -d**3 - 283*d**2 - 12538*d + 524. What is a(-228)?
68
Let r(u) = -1195*u + 2178. Give r(2).
-212
Let q(i) = 590*i - 5399. What is q(8)?
-679
Let h(k) = -2*k**3 - 228*k**2 - 45*k + 72. Determine h(-114).
5202
Let t(g) = 2*g**3 - 27*g**2 + 75*g - 76. Determine t(11).
144
Let x(u) = -2*u**2 - 4431*u + 162106. Determine x(36).
-2
Let k(l) = -23*l**3 - 3476*l**2 - 456*l - 435. Calculate k(-151).
18
Let t(a) = 64*a**2 + 9081*a - 956. What is t(-142)?
38
Let x(a) = 352721*a + 1410867. What is x(-4)?
-17
Let g(y) = 2*y**3 - 79*y**2 - 1840*y + 70374. Calculate g(41).
-23
Let x(i) = -63*i - 3907. Calculate x(-68).
377
Let b(d) = -2*d**2 + 145*d - 1464. Determine b(21).
699
Let y(k) = 3*k**3 - 301*k**2 + 2011*k - 1898. Give y(6).
-20
Let o(f) = f**3 + 34*f**2 - 36*f + 5610. Calculate o(-39).
-591
Let d(g) = -7743*g + 1904785. Calculate d(246).
7
Let w(g) = -89*g + 1288. Give w(18).
-314
Let x(v) = -v**2 - 270*v - 17593. Give x(-159).
56
Let g(c) = -c**3 + 25*c**2 + 852*c + 3484. Give g(-5).
-26
Let v(n) = -n**2 + 563*n - 8757. Determine v(16).
-5
Let k(d) = -3966*d - 507421. Determine k(-128).
227
Let q(s) = s**3 - 70*s**2 + 503*s - 24951. Calculate q(68).
5
Let o(q) = -9*q**2 - 44*q - 177. Determine o(-4).
-145
Let a(o) = 9*o**2 - 24*o - 482. Give a(0).
-482
Let s(x) = x**2 + 17803*x - 374377. What is s(21)?
-73
Let p(r) = -7*r**2 - 207*r - 1064. Calculate p(-23).
-6
Let l(v) = -53*v**3 - 954*v**2 + 13*v + 241. Give l(-18).
7
Let g(d) = -775*d + 455. Determine g(0).
455
Let w(h) = -80068*h + 480401. Calculate w(6).
-7
Let m(c) = -c**2 - 38*c + 646. Determine m(-27).
943
Let w(o) = o**3 - 7*o**2 - 1151*o + 3111. Calculate w(-32).
7
Let i(j) = -2*j**2 - 428*j - 17300. What is i(-160)?
-20
Let n(w) = w**2 + 26488*w + 38092013. Give n(-1526).
1
Let t(s) = 5603*s + 72841. Give t(-13).
2
Let g(l) = 35101*l + 105217. Calculate g(-3).
-86
Let q(s) = -284*s - 67647. Give q(-234).
-1191
Let g(f) = -f**3 + 1609*f**2 - 27139*f + 119397. Calculate g(1592).
-3
Let s(u) = 173*u + 10625. What is s(-61)?
72
Let h(c) = 2*c**3 - 14*c**2 + 32*c + 89. What is h(10)?
1009
Let x(s) = 17*s**3 - 75*s**2 - 471*s + 2. What is x(8)?
138
Let g(w) = -273*w + 36204. What is g(140)?
-2016
Let d(z) = 420*z**2 - 34*z. Calculate d(3).
3678
Let z(f) = -55*f**2 - 24*f + 82. Give z(4).
-894
Let c(s) = s**3 - 14*s**2 - 97*s + 593. Give c(0).
593
Let c(l) = -l**3 + 63*l**2 + 254*l + 823. What is c(67)?
-115
Let j(p) = 2*p**3 + 1850*p**2 - 3934*p - 209503. Give j(-927).
-1
Let d(f) = f**2 + 49*f + 104. What is d(16)?
1144
Let h(i) = 1804*i - 59943. What is h(33)?
-411
Let d(x) = -3611*x - 10639. Calculate d(-3).
194
Let u(j) = 203*j + 115664. Calculate u(-570).
-46
Let d(f) = 3*f**3 + 1938*f**2 - 1885*f + 36236. Give d(-647).
4
Let c(p) = -2*p**3 - 224*p**2 - 655*p - 569. Give c(-109).
-460
Let a(d) = -45511*d + 637000. Calculate a(14).
-154
Let v(r) = 7971*r + 1538374. Calculate v(-193).
-29
Let o(d) = -3*d**3 - 5*d**2 + 80348*d + 80353. Calculate o(-1).
3
Let v(i) = 481*i**2 + 3840*i + 52. Calculate v(-8).
116
Let h(l) = 63*l**2 - 744*l + 183. Give h(11).
-378
Let d(p) = 5*p**2 - 221*p + 26. Determine d(34).
-1708
Let d(v) = -v**2 + 648*v - 22595. Determine d(37).
12
Let f(s) = -39*s**2 - 1228*s - 3804. Give f(-28).
4
Let d(m) = -m**3 + 182*m**2 + 776*m - 264852. Give d(178).
12
Let n(a) = -a**2 + 26*a + 744. Determine n(-25).
-531
Let w(c) = c + 103. Give w(54).
157
Let f(z) = -z**2 - 3158*z + 618259. Give f(185).
-196
Let j(c) = -2*c**3 - 13*c**2 + 24*c + 387. What is j(-10)?
847
Let n(x) = -12696*x + 88912. Give n(7).
40
Let l(i) = -218*i**2 + 9805*i + 220. Calculate l(45).
-5
Let b(o) = o**2 - 131*o - 941. What is b(-7)?
25
Let c(r) = -16*r**3 - 5103*r**2 + 326*r + 2308. Determine c(-319).
75
Let y(r) = -6*r**2 + 9408*r - 65842. Determine y(7).
-280
Let q(c) = 7*c**2 + 707*c + 659. Give q(-100).
-41
Let u(h) = h**3 + 9*h**2 + 29*h + 528. Give u(-11).
-33
Let v(i) = -49*i**2 + 3447*i + 6905. What is v(-2)?
-185
Let l(y) = 1570*y - 1028376. What is l(655)?
-26
Let f(o) = -1447*o + 33170. Determine f(23).
-111
Let b(n) = -14*n**2 + 864*n + 35640. Give b(90).
0
Let w(n) = -n**3 + 96*n**2 + 375*n + 2498. What is w(100)?
-2
Let y(r) = -959*r**3 + r. Give y(1).
-958
Let p(s) = 58123*s + 2615533. Determine p(-45).
-2
Let l(v) = -971*v + 19341. Determine l(20).
-79
Let r(k) = 2*k**3 - 413*k**2 + 4116*k + 3. Calculate r(196).
3
Let d(i) = i**2 - 2333*i + 491126. What is d(234)?
-40
Let o(m) = -19315*m - 115908. What is o(-6)?
-18
Let r(b) = -9*b**2 + 30*b + 176. Calculate r(-10).
-1024
Let c(x) = x**2 + 6095*x + 272238. Calculate c(-45).
-12
Let t(i) = i**3 + 278*i**2 + 563*i + 3378. Calculate t(-276).
342
Let a(d) = d**3 + 21*d**2 - 14*d - 546. Calculate a(-17).
848
Let j(t) = -24*t**2 + 383*t - 2608. Calculate j(7).
-1103
Let t(i) = 3*i**2 + 865*i + 35432. Give t(-47).
1404
Let t(w) = 58*w**2 + 1234*w - 10. What is t(-21)?
-346
Let v(p) = 10*p**2 + 1637*p + 27426. Calculate v(-17).
2487
Let y(r) = -2*r**3 + 2542*r**2 + 7653*r + 84. Give y(-3).
57
Let h(v) = 3*v**3 - 21*v**2 - 515*v + 3543. What is h(7)?
-62
Let a(d) = -81*d**2 - 16699*d - 35726. Calculate a(-204).
-26
Let f(u) = -2553*u + 5220. Calculate f(2).
114
Let s(k) = -14*k**2 - 232*k + 162. Calculate s(-8).
1122
Let t(h) = h**2 + 39283*h - 26321782. Give t(659).
-4
Let y(x) = 546904*x + 13672599. Calculate y(-25).
-1
Let j(m) = m**3 + 21*m**2 - 516*m - 158. Give j(15).
202
Let s(o) = -10314*o + 484823. Give s(47).
65
Let i(l) = l**2 + 400*l - 23977. Give i(53).
32
Let z(a) = a**3 + 74*a**2 + 145*a + 5202. Determine z(-73).
-54
Let x(w) = 65965*w + 989479. What is x(-15)?
4
Let m(t) = -31*t**2 + 1719*t - 6994. What is m(51)?
44
Let i(q) = 8*q**2 - 468*q - 337. What is i(63)?
1931
Let r(q) = q**3 + 46*q**2 - 21*q - 1103. Give r(-46).
-137
Let o(h) = 934*h + 9932. Determine o(-11).
-342
Let n(v) = -5*v**2 - 11*v + 118. Calculate n(7).
-204
Let j(a) = 1072*a - 134138. Determine j(126).
934
Let a(s) = 6*s**2 + 3445*s - 27968. Give a(8).
-24
Let l(g) = 585*g**2 - 7649*g - 40. Calculate l(13).
-612
Let l(t) = 33*t**2 - 489*t - 212. Calculate l(15).
-122
Let r(k) = 1305*k + 27442. Determine r(-21).
37
Let t(n) = 10138*n - 19839. Calculate t(2).
437
Let g(f) = -3*f**2 - 77*f - 106. Calculate g(-12).
386
Let v(t) = t**2 + 113318*t - 793281. Give v(7).
-6
Let l(k) = 13*k**2 + 2269*k + 9768. What is l(-170)?
-262
Let j(n) = -5309*n + 90229.